 the prime factors of 244304004.
2, 3, 7, 29, 14327
List the prime factors of 518215955.
5, 103643191
What are the prime factors of 78145551?
3, 11, 73, 983
List the prime factors of 78545303.
773, 101611
List the prime factors of 447101920.
2, 5, 19, 147073
What are the prime factors of 41380251?
3, 11, 1253947
What are the prime factors of 35284604?
2, 8821151
What are the prime factors of 4829005?
5, 965801
What are the prime factors of 755014863?
3, 17, 14804213
What are the prime factors of 43961138?
2, 13, 431, 3923
What are the prime factors of 436073446?
2, 19, 11475617
What are the prime factors of 1637738382?
2, 3, 7, 38993771
What are the prime factors of 51753273?
3, 11, 13, 997
List the prime factors of 74027108.
2, 79, 317, 739
List the prime factors of 2094768883.
17, 8069, 15271
What are the prime factors of 960183713?
113, 197, 43133
List the prime factors of 29163669.
3, 41, 5783
List the prime factors of 159388649.
7, 53, 349, 1231
What are the prime factors of 750189318?
2, 3, 73, 1712761
List the prime factors of 3346365760.
2, 5, 10457393
What are the prime factors of 471973217?
823, 573479
What are the prime factors of 6291795123?
3, 31, 523, 1597
What are the prime factors of 8929133288?
2, 167, 6683483
List the prime factors of 60802143.
3, 20267381
What are the prime factors of 192908752?
2, 617, 19541
List the prime factors of 81002651.
331, 244721
List the prime factors of 154552371.
3, 51517457
List the prime factors of 745659763.
17, 179, 317, 773
What are the prime factors of 479040056?
2, 11, 631, 8627
List the prime factors of 56802056.
2, 41, 173177
List the prime factors of 1244173624.
2, 155521703
What are the prime factors of 1056336498?
2, 3, 7, 2794541
What are the prime factors of 43503447?
3, 13, 31, 35983
What are the prime factors of 161158189?
161158189
What are the prime factors of 9584653?
13, 737281
List the prime factors of 30857422.
2, 379, 40709
What are the prime factors of 3997174188?
2, 3, 7, 71, 670217
What are the prime factors of 568426404?
2, 3, 7, 13, 211, 2467
What are the prime factors of 4011270852?
2, 3, 334272571
List the prime factors of 80829781.
17, 19, 251, 997
List the prime factors of 9915083.
9915083
List the prime factors of 1251956188.
2, 7, 1823, 24527
List the prime factors of 1379296117.
691, 1996087
List the prime factors of 56239102.
2, 1447, 19433
List the prime factors of 61320599.
23, 1609, 1657
List the prime factors of 227631644.
2, 23, 503, 4919
What are the prime factors of 2647570733?
23, 2711, 42461
What are the prime factors of 2113132291?
19, 23, 210241
What are the prime factors of 648465893?
3109, 208577
List the prime factors of 918034142.
2, 977, 469823
List the prime factors of 146001951.
3, 16222439
What are the prime factors of 121308284?
2, 30327071
What are the prime factors of 3798758674?
2, 1899379337
What are the prime factors of 146458564?
2, 7, 5230663
What are the prime factors of 319279950?
2, 3, 5, 11, 53, 1217
What are the prime factors of 53629345?
5, 7, 11, 139297
What are the prime factors of 49463090?
2, 5, 1493, 3313
What are the prime factors of 17566506?
2, 3, 97, 10061
What are the prime factors of 193269140?
2, 5, 19, 257, 1979
What are the prime factors of 94670917?
11, 8606447
List the prime factors of 872685618.
2, 3, 7, 19, 1093591
What are the prime factors of 3685680956?
2, 921420239
List the prime factors of 2059896625.
5, 16479173
List the prime factors of 122094295.
5, 24418859
List the prime factors of 335937295.
5, 163, 412193
What are the prime factors of 84774754?
2, 73, 101, 5749
List the prime factors of 1826454598.
2, 73, 12509963
List the prime factors of 36914398.
2, 18457199
What are the prime factors of 589882523?
12637, 46679
List the prime factors of 451856472.
2, 3, 18827353
List the prime factors of 845141393.
43, 19654451
List the prime factors of 987540133.
8713, 113341
List the prime factors of 149019966.
2, 3, 149, 18521
List the prime factors of 313252971.
3, 8599, 12143
List the prime factors of 28397487.
3, 9465829
List the prime factors of 1301771980.
2, 5, 797, 81667
List the prime factors of 646142381.
23, 43, 103, 6343
What are the prime factors of 93941873?
31, 3030383
List the prime factors of 3331628359.
19, 175348861
List the prime factors of 962762824.
2, 1109, 108517
What are the prime factors of 415287922?
2, 7, 157, 188939
List the prime factors of 133442082.
2, 3, 7413449
What are the prime factors of 1569805283?
757, 2073719
What are the prime factors of 94883682?
2, 3, 19, 59, 14107
List the prime factors of 46421762.
2, 281, 82601
What are the prime factors of 249325071?
3, 269, 521, 593
List the prime factors of 104382293.
797, 130969
What are the prime factors of 752989723?
41, 18365603
What are the prime factors of 12590076?
2, 3, 1049173
What are the prime factors of 729537600?
2, 3, 5, 11, 41, 337
What are the prime factors of 13860631?
359, 38609
List the prime factors of 2567235426.
2, 3, 7, 19, 31, 157, 661
List the prime factors of 85949512.
2, 11, 976699
What are the prime factors of 3161819597?
211, 1427, 10501
List the prime factors of 46279044.
2, 3, 7, 67, 2741
What are the prime factors of 152786538?
2, 3, 31, 101, 2711
List the prime factors of 48570534.
2, 3, 29, 93047
What are the prime factors of 552345230?
2, 5, 23, 2401501
What are the prime factors of 41560796?
2, 311, 33409
What are the prime factors of 4331983425?
3, 5, 7, 11, 101, 1061
List the prime factors of 57752493.
3, 19250831
List the prime factors of 335628300.
2, 3, 5, 7, 181, 883
What are the prime factors of 8425947535?
5, 23, 29, 2526521
List the prime factors of 154900163.
11, 14081833
What are the prime factors of 217152334?
2, 7, 31, 37, 13523
What are the prime factors of 125591129?
125591129
What are the prime factors of 97788103?
7, 283, 49363
List the prime factors of 4179924138.
2, 3, 13, 2719, 19709
List the prime factors of 118466434.
2, 59233217
What are the prime factors of 56379601?
23, 37, 97, 683
List the prime factors of 24912729.
3, 37, 79, 947
What are the prime factors of 10977118?
2, 23, 127, 1879
List the prime factors of 366963113.
11, 1069, 2837
List the prime factors of 67480094.
2, 11, 491, 6247
List the prime factors of 5665929467.
11, 515084497
What are the prime factors of 76310987?
23, 3317869
List the prime factors of 3438657774.
2, 3, 29, 6587467
List the prime factors of 754171.
11, 17, 37, 109
What are the prime factors of 192217444?
2, 48054361
List the prime factors of 814022140.
2, 5, 47, 619, 1399
What are the prime factors of 233383191?
3, 17, 4576141
What are the prime factors of 17213827?
17213827
What are the prime factors of 1269544488?
2, 3, 31, 797, 2141
List the prime factors of 5926563829.
107, 1223, 45289
List the prime factors of 38374120.
2, 5, 23, 53, 787
List the prime factors of 526217330.
2, 5, 37, 67, 21227
List the prime factors of 9730332.
2, 3, 270287
List the prime factors of 2709367785.
3, 5, 6689797
List the prime factors of 4904402.
2, 547, 4483
List the prime factors of 522335426.
2, 261167713
List the prime factors of 455727566.
2, 7, 23, 1415303
What are the prime factors of 5177724472?
2, 647215559
List the prime factors of 18360027.
3, 7, 32381
What are the prime factors of 832376480?
2, 5, 13, 139, 2879
List the prime factors of 1191768649.
1191768649
List the prime factors of 2382438476.
2, 11, 54146329
What are the prime factors of 5513745?
3, 5, 149, 2467
List the prime factors of 2511998782.
2, 3209, 391399
What are the prime factors of 617247864?
2, 3, 293, 3251
What are the prime factors of 1414885219?
11, 727, 176927
What are the prime factors of 4488975813?
3, 7, 67, 3190459
What are the prime factors of 42792597?
3, 337, 4703
What are the prime factors of 597227953?
7, 1301, 65579
List the prime factors of 2661861013.
7, 380265859
What are the prime factors of 658462313?
29, 22705597
What are the prime factors of 37973166?
2, 3, 7, 11, 82193
What are the prime factors of 2844344513?
83, 107, 320273
List the prime factors of 39231540.
2, 3, 5, 61, 397
What are the prime factors of 2334625628?
2, 29, 2027, 9929
What are the prime factors of 234839776?
2, 2069, 3547
List the prime factors of 516866916.
2, 3, 241, 313, 571